) = -35*y + 5. Suppose -u + 12 = -4*u. Is r(u) a composite number?
True
Let o(l) = -l**2 + 5*l. Suppose -s - 5*f = s - 35, 15 = -s + 4*f. Let t be o(s). Suppose t = 2*g + g - 30. Is g composite?
True
Let h(c) = -c**3 + 9*c**2 + 6*c - 7. Is h(9) composite?
False
Let z(t) = 90*t**3 + t**2 - t - 1. Is z(1) composite?
False
Let w be (-24)/(-1*6/27). Suppose 0 = 4*i - 4*b - 472, 0 = -4*i - b + w + 369. Is i composite?
True
Suppose -c + 2*n = -29, -5*c + n + 90 = -73. Let t = 99 - c. Let v = t + -13. Is v composite?
False
Suppose 15 = -18*a + 23*a. Let g(o) = -11*o**2 - o. Let b be g(1). Is a/b - (-714)/8 prime?
True
Let j be -12*(-3 + 7)/8. Is (-10 + 0)*177/j a prime number?
False
Let b be (-1)/2 - (-9)/(-6). Is (-3 - 3)/b + 94 a composite number?
False
Suppose -95 = -9*s + 4*s. Suppose -o = -2*u + 11, -4*o - s = u - 2. Let m(c) = -c**2 - 6*c + 2. Is m(o) a prime number?
True
Let w be (6/(-5))/((-16)/120). Let v = w - 5. Suppose v*i - 5*i + 85 = 0. Is i composite?
True
Let b = -78 - -126. Let s = b + 71. Is s a composite number?
True
Let v(t) = t**3 - t**2 + t + 3. Let j be v(0). Suppose -w = -j*w. Suppose w*f - 427 = -f. Is f composite?
True
Suppose 0*m + 29 = m + l, -2 = 2*l. Let y = 67 - m. Is y a composite number?
False
Let b(n) = -2*n**3 - 3*n**2 - 2*n + 2. Let k be (-54)/12*2/(-3). Suppose -6 = k*c + 3. Is b(c) a prime number?
False
Suppose 0 = 4*r - 102 - 242. Let p(w) = -w + 51. Let y be p(0). Let k = r - y. Is k prime?
False
Suppose -r = -5*r + 12, -9 = 2*q - 5*r. Let d = 1 + -1. Suppose 3 = -q*z, -3*u + 3*z - z + 77 = d. Is u prime?
False
Let p = -182 - -309. Is p composite?
False
Let b(g) = -3*g + 1. Let f be b(-1). Let x(u) = -u - 5. Let k be x(-10). Suppose 3*a - 6*a = d - 231, -f*d = k*a - 385. Is a a composite number?
True
Let d(n) = -31*n**3 + n**2 + n + 4. Let s(j) = -32*j**3 + j**2 + 3. Let v(p) = 2*d(p) - 3*s(p). Let k be v(1). Suppose -4*x = -k - 10. Is x a composite number?
False
Suppose 0*v + 6 = -3*v, 4*u - 4*v - 1012 = 0. Is u a composite number?
False
Suppose 3*p - w = 43, 0*p + 4*w + 60 = 4*p. Let h = p + 20. Is h a composite number?
True
Suppose 3*q + 2*q = -2*y - 350, 5*q + 905 = -5*y. Suppose 4*i = 12, -834 = -5*c + 2*i + 650. Let t = y + c. Is t a prime number?
True
Let f = -1 - -2. Let u = 6 - f. Is (28/(-10))/((-1)/u) composite?
True
Let g(b) = -b**2 + 1. Let z(l) = -5*l**2 + 6*l - 2. Let q(u) = 3*g(u) - z(u). Let m(x) = x**3 + x**2 + x + 4. Let t be m(0). Is q(t) prime?
True
Suppose p + p = 3*j + 9, 2*j + 6 = -2*p. Suppose p = 6*y - y - 185. Is y a prime number?
True
Suppose -l + 1320 = 4*y, 199 = -3*y + 4*l + 1208. Is y a composite number?
False
Let o(k) = 11*k**3 + 2*k**2 - 3*k + 1. Suppose 4*i = i. Suppose -4*z = -i - 8. Is o(z) a prime number?
False
Suppose 0 = 5*g - 1671 - 424. Is g a prime number?
True
Suppose 779 = 3*o - 2*m, m - 6*m + 551 = 2*o. Let c = 313 - 135. Let p = o - c. Is p prime?
False
Suppose 0 = -7*u + 4*u + 12. Suppose -3*s + 30 = -u*s. Let q = s - -69. Is q composite?
True
Suppose -5*n + 1872 = -658. Is n/4 - (-2)/4 a prime number?
True
Let z be 2/(-4)*(-2 + -4). Suppose 2*o = z*o + 36. Let c = 69 + o. Is c a composite number?
True
Suppose -m = -2*m + 5. Suppose -m*w = -33 + 8. Suppose -50 = -d - 2*p, -3*d + 2*d = -w*p - 78. Is d composite?
True
Suppose 0*v + 63 = -2*v + 5*g, 3*g = -3*v - 42. Let t = 6 - v. Is t prime?
False
Let i = -110 - -159. Is 2 + i - (1 + 1) prime?
False
Is 2/3*(-54)/12 + 3596 prime?
True
Let a(b) = -b - 1. Let j be a(-5). Let o(r) = 1 - 2 - 6 - j*r. Is o(-5) a composite number?
False
Suppose -2*y + 0 = 6. Is 31*y*(-1)/3 a composite number?
False
Suppose -w - 1 = -5. Suppose -6*q - 735 = -4*d - q, w*d - q = 739. Is d a prime number?
False
Suppose 0*u + 1893 = 5*b + 2*u, 5*u - 397 = -b. Is b a composite number?
True
Let h(z) = 6*z + 1. Suppose -4*o + 34 = -3*o + 5*p, 2*o = -2*p + 28. Suppose 0 = -2*a + 1 + o. Is h(a) composite?
False
Let r = 282 + -171. Is r a composite number?
True
Let c = -929 + 102. Let d = -488 - c. Is d prime?
False
Let p(l) = -l**3 + 6*l**2 + l - 6. Let f be p(6). Suppose -9*r + 5*r + 308 = f. Is r a composite number?
True
Suppose 5*c - 345 = 2*c. Is c a prime number?
False
Suppose -5*b = -3*k - 39, -5*k - 15 = -0*k. Suppose 11*g - b*g = 1370. Is g a composite number?
True
Suppose -35*f - 5755 = -40*f. Is f prime?
True
Let s = 56 + -33. Is s composite?
False
Let z be 0 + -4 - (-1 + 301). Let t = z + 431. Is t prime?
True
Suppose 0 = -b - 0*b - 1. Is 8 + -1 - (4 + b) prime?
False
Let t(c) = c**2 + 7*c + 3. Let s be t(-7). Suppose -6 = s*g - 18. Suppose 21 = -z + g*z. Is z composite?
False
Let j(w) = -59*w - 3. Let l be j(-2). Is l + 0 + 0/(-4) composite?
True
Suppose 0 = 2*l + 4*c - 198 + 28, 5*l + 4*c = 443. Is l composite?
True
Let r(l) = l**3 - 2*l**2 - 3*l + 3. Let g be r(3). Is 0 + (0 - (-423)/g) a composite number?
True
Is ((-7)/2)/((-555)/110 + 5) a composite number?
True
Suppose -73 = -11*b + 4. Let k(l) be the third derivative of 4*l**4/3 + 3*l**3/2 - l**2. Is k(b) a prime number?
True
Suppose 0 = -y - 2*y. Suppose -4*u + 9 + 47 = y. Is u prime?
False
Suppose 0 = 5*y - 0*y - 15. Let u(q) = q + 0*q**3 + 3*q**3 - 5*q**y + q - 2*q**2. Is u(-2) a composite number?
True
Let f(c) = 443*c**2 - 2*c - 2. Let h be f(-2). Is (-4)/30 + h/30 a composite number?
False
Let t(d) = d**2 - 1. Suppose -z = p + 1, -4*p + 17 = z - 4*z. Let r be t(p). Suppose -136 = -i - r*i. Is i prime?
False
Let o(l) = -l**3 + 7*l**2 + 8*l - 3. Let r(h) = 2*h - 11. Let y be r(9). Is o(y) a prime number?
True
Let w(n) = n - 13. Let j be w(10). Let p = j - -10. Is p a composite number?
False
Suppose -u - 15 = -6*u. Suppose 2 = -2*c, -u*c - c = 2*y - 18. Is y prime?
True
Let n = 11 + -8. Let a be (-15)/(-4) - 1/(-4). Suppose 0 = -n*j - a + 10. Is j a prime number?
True
Let i be 6 + -1 - (-1 + 2). Suppose 5*p = -4*o + 9, -p - 3*o = -i*p + 27. Suppose p*z - 105 = 2*z. Is z a prime number?
False
Suppose 2*k - 1177 = -2*q - 233, 0 = q + 1. Is k a composite number?
True
Is (-1491)/(-7) - 3/(-3) a prime number?
False
Let i(x) = 211*x**2 - 2*x + 2. Is i(1) a prime number?
True
Let p be ((-273)/(-4))/(-3) + 1/(-4). Suppose -2*w - s - 22 = 0, 3*s - 4*s + 4 = 0. Let c = w - p. Is c a prime number?
False
Let r(q) = 99*q - 10. Is r(23) a composite number?
False
Let g be 2 + -2 - (244 + 1). Let h = g - -376. Is h a composite number?
False
Let p(a) = a**2 - 4*a. Let f = -6 - -9. Let t be -2*1/2*f. Is p(t) a composite number?
True
Let m be ((-8)/6 - -2)*3. Let r(n) = -3 - 3 + 5 + 5 + 5*n**m - 4*n. Is r(-5) composite?
False
Let a(i) = 18*i**2 - 7*i + 12. Let u be a(8). Let l = -779 + u. Is l prime?
False
Let g(u) = u**3 + 11*u**2 + 10*u. Let o be g(-10). Let p be (3 - 2) + o + 86. Suppose -4 = 4*r, 0 = -3*h + r - 23 + p. Is h composite?
True
Let m(g) = 83*g + 61. Is m(12) composite?
True
Let c = 10 - 3. Suppose -c*l + 2*l = -20. Is (l/(-6))/((-4)/150) a prime number?
False
Let a(s) = 3*s**2 + 5*s + 1. Let l be a(-7). Let j = -60 + l. Is j prime?
True
Suppose -4*y + n = -1244, 0 = 3*y - 0*y + 3*n - 933. Is y a prime number?
True
Let b be 4/((-8)/(-11))*-2. Is 590/1 + (b - -8) composite?
False
Let y(h) = -h**2 - 8*h + 11. Is y(-8) prime?
True
Let j(d) = -d - 3. Let u be j(-3). Suppose u = 2*g - 5*g + 633. Is g a composite number?
False
Let p be 1*3*24/18. Suppose -p*y = -y - 159. Is y prime?
True
Suppose l + 15*f = 12*f + 4049, 4*f = 3*l - 12147. Is l a prime number?
True
Let k = 171 - 403. Let s = k + 155. Is s/(-5) - (-4)/(-10) a composite number?
True
Let k = 8 - 12. Let t be (-4)/(-2) + (-1 - k). Suppose 2*q - 107 = -3*l, 161 = t*l + q - 22. Is l prime?
True
Let f(y) = y**3 - 5*y**2 + 4*y. Suppose 3*v + 2*v = 15. Let h be f(v). Is 102/8 + h/(-24) a composite number?
False
Let u be (-16)/(-6)*(-1 + 4). Let o be 3/(-9) - 1/(-3). Suppose o = -3*i + u*i - 50. Is i composite?
True
Suppose 115 + 15 = 5*c. Let b = c - -147. Suppose 5*v = 5*n + 410, v = 3*v - 5*n - b. Is v a prime number?
True
Let o be ((-4)/(-1))/(9/189). Let i be (-409)/(-3) + (-2)/(-3). Let n = i - o. Is n a composite number?
False
Let r(j) = -3*j**2 - 3*j**2 + 2*j - 3 + 4*j**2 + 11*j**2. Is r(2) prime?
True
Let r be 3*(-681)/(-18)*-2. Let o = r + 324. Is o composite?
False
Let y(b) be the third derivative of b**6/45 - b**5/120